+ 2*l + 2*l = 211, 3*b - 2*l = 109. List the prime factors of b.
3, 13
Suppose -3*x - 3*i = 0, -3*x - 2 = 5*i + 4. Suppose x*p + 2*p = -15. Let o = 2 - p. What are the prime factors of o?
5
Suppose -2*v + 0*v + 2 = 0. List the prime factors of v/2 - (-37)/2.
19
Suppose 0*f = -2*f + 8. List the prime factors of f.
2
Suppose 5*k - 9 + 369 = 2*z, -2*k - 144 = -3*z. Let v = -42 - k. List the prime factors of v.
2, 3, 5
What are the prime factors of 4/(-10)*-1 + 815/25?
3, 11
Suppose -4*m - 3*x = -1, 7 = -3*m - x + 14. Suppose -4*d - 3*f = -0 - m, 0 = 5*d + 2*f + 2. List the prime factors of -1 + 0 - -2 - d.
3
Let j(y) = -2*y + 3. List the prime factors of j(-2).
7
Suppose 4*y = -12, -3*y + 6*y + 7 = -d. Let z = d - -13. List the prime factors of z.
3, 5
Let y(j) = -2*j - 1. Let d be y(-4). Let z(m) be the first derivative of -m**3/3 + 4*m**2 + 2*m + 2. What are the prime factors of z(d)?
3
Suppose -4*b = -p + 13, 0*p = 5*p + 2*b + 45. What are the prime factors of (2 - -52)*p/(-14)?
3
Let w(v) = 2*v**2 - 4*v + 3. Let c be w(2). Suppose c*n - 6*n = a - 22, 0 = n + a - 10. List the prime factors of n.
2, 3
Suppose 0 = r - 3*r + 498. List the prime factors of r.
3, 83
Let g be (1/(-2))/(-1)*4. Suppose 4*x = a - g*a + 112, -5*x = -3*a - 157. Suppose -3*j + x = 5*w, 33 = 4*j + 3*w - 2*w. List the prime factors of j.
2
Suppose t = 5*f + 13 + 9, -26 = 4*f - 5*t. Let k be (2/((-40)/(-36)))/(1/5). Let c = k + f. List the prime factors of c.
5
Suppose -3*h - h = -160. What are the prime factors of h?
2, 5
Suppose 67 = 4*h + 3*f, -8*h - f - 31 = -10*h. What are the prime factors of h?
2
Let v = 37 + -33. List the prime factors of v.
2
Let d = -2 + 14. Suppose -41 = -5*j - p, 4*p + d + 13 = j. What are the prime factors of j?
3
Let f = -20 - -42. What are the prime factors of f?
2, 11
Let w(o) = -o**2 + 4*o + 4. Let h be w(3). List the prime factors of (1 + 2 - 3) + h.
7
Let m(v) = -2*v**2 + 10*v - 5. Let n(b) = -b**2 + 5*b - 2. Let g(y) = -4*m(y) + 9*n(y). List the prime factors of g(5).
2
Let s(f) = -f**3 + 6*f**2 + 2*f - 6. List the prime factors of s(5).
29
Let q be -1 + -4*1/2. Let y = q - -7. Suppose 5*k + 2*i - 32 = 0, -i + y = k - 0. What are the prime factors of k?
2
Let x be ((-5)/20)/(2/(-104)). Let l = x + -8. List the prime factors of l.
5
Suppose 0 = -3*k + 67 + 80. What are the prime factors of k?
7
Let h = 8 + -5. List the prime factors of 12 + (h + -1 - 1).
13
Let j be 1/4 + (-810)/(-24). Suppose -5*g + j = -11. List the prime factors of g.
3
Let t(o) = o**3 + 6*o**2 - 2*o + 6. Let m be t(-7). Let n = m - -47. List the prime factors of n.
2, 3
Let q(w) = w**2 + 14*w + 17. Let d = -34 + 21. List the prime factors of q(d).
2
Suppose l + 3*f = -f + 279, l = 3*f + 251. List the prime factors of l.
263
Let n(u) = u**2 + u - 8. Let a be n(-6). Suppose 5*w = a + 68. What are the prime factors of w?
2, 3
Let k = -12 - -7. Let o(i) = -i - 3. Let h be o(k). Suppose 3*y = 15, 3*m = h*m + 3*y - 6. What are the prime factors of m?
3
Suppose -2*r - 8 = -0*l - 2*l, -3*r = 12. Suppose -2*p = -l*p - 48. What are the prime factors of p?
2, 3
Let z(l) = -l + 1. Let q(t) = 4*t - 4. Let k(d) = -4*q(d) - 18*z(d). What are the prime factors of k(10)?
2, 3
What are the prime factors of (-8)/(3 + 51/(-15))?
2, 5
Let j(v) = -4*v**2 + 7*v + 6. Let z(d) = 5*d**2 - 8*d - 5. Let o(w) = -4*j(w) - 3*z(w). What are the prime factors of o(8)?
23
Let l = 125 - 46. Suppose 0 = 2*r + 11 - l. List the prime factors of r.
2, 17
Suppose -5*j + 362 = 2*r, -r - 3*j = -87 - 94. What are the prime factors of r?
181
Let y = -54 - -115. What are the prime factors of y?
61
Let p(i) be the second derivative of i**5/4 - i**4/4 + i**2/2 + 3*i. Let n be p(2). Let d = 46 - n. List the prime factors of d.
17
Suppose 0 = -4*i + 4 + 12. Let a = 86 + -6. Suppose 3*k = -k + 4*w + a, -i*w = -5*k + 98. What are the prime factors of k?
2, 3
Let k be (-4)/((-4)/2 - 0). Suppose 0*y + k*y = 40. What are the prime factors of y?
2, 5
Let i(n) be the first derivative of -n**4/4 - n**2/2 + 2*n - 4. List the prime factors of i(-2).
2, 3
Let s(w) = -w**3 + 9*w**2 + 3*w - 8. List the prime factors of s(9).
19
Let l be 5*(1 - -1 - 1). Suppose -l*m + 0 = -15. What are the prime factors of m?
3
Suppose 12*r + 88 = 16*r. Let j = r - 16. What are the prime factors of j?
2, 3
Suppose l = 3*t - 13, 3*l + 0 = t + 1. Suppose i = b + 32, 4*i = t*i - 5*b - 36. What are the prime factors of i?
31
Let x(f) be the second derivative of 7*f**3/6 - f**2/2 + 3*f. Suppose -5*a + 13 = -2*n, 2*n + 4*a + 1 = 5*a. List the prime factors of x(n).
2, 3
Let y = -22 - -33. Let o be ((-15)/(-6) + -3)*-4. Suppose -o*u = 5*j - 32 - y, 3*j - 26 = -u. List the prime factors of j.
3
Suppose 0 = 5*t + 4*m - 1303, -4*t + 4*m - 248 = -1276. List the prime factors of t.
7, 37
Let h = -7 + 46. What are the prime factors of h?
3, 13
Let r = 221 - 116. List the prime factors of r.
3, 5, 7
Suppose 0 = y - 1 - 29. Let p(u) = -19*u - 3. Let d be p(-1). Let t = y - d. List the prime factors of t.
2, 7
Let v be -3 + (-4)/((-4)/(-3)). Let c = v - -10. What are the prime factors of c?
2
Let i(x) = x**3 - 3*x**2 + 3*x + 1. Let c be i(3). Let n = 0 + c. List the prime factors of n.
2, 5
Let u(l) = -2*l**3 + l**2 - l - 1. Let k be u(-1). Suppose -k*d = 0, d = 6*v - 2*v - 64. Suppose -v = -3*x + 8. List the prime factors of x.
2
Let h(u) = u. Let b(j) = -j**2 + 4*j + 5. Let c(g) = -b(g) + 6*h(g). Let z be c(-4). Suppose -2*k + 30 = z*k. List the prime factors of k.
2, 3
Let b = -11 + 34. What are the prime factors of b?
23
Suppose -s + 16 = c - 16, 153 = 4*c - s. What are the prime factors of c?
37
List the prime factors of (2 + 100)/3 + -2.
2
Let k(i) = -7*i**3 - 13*i**2 + 9*i + 13. Let y(s) = 4*s**3 + 7*s**2 - 5*s - 7. Let n(j) = -3*k(j) - 5*y(j). List the prime factors of n(-3).
11
Suppose 0*m = 3*m. Suppose -4*j - 5 - 13 = -k, k - j - 9 = m. Suppose -2*t - 2*r + k = 0, 2*t - r = r + 6. List the prime factors of t.
3
Suppose 2*f - 8*f = -666. Suppose 5*h - f = 2*h. What are the prime factors of h?
37
Let j(b) = 19*b**3 + b**2. Suppose -3*y - 18 = -3*k, k - 14 = 2*k + 3*y. Let t be j(k). Suppose 0 = -3*r + 2*r, 2*r + t = 2*d. What are the prime factors of d?
2, 5
Suppose 2*t + 32 = -u, 3*t + 2*u + 50 = -0*t. Let d be -2*9*t/21. Suppose 3*c - 5*j = 37, 0*j + 2*j + d = c. List the prime factors of c.
2, 7
Let q be (-16)/4*(-3 - -1). Let k = q + 6. List the prime factors of k.
2, 7
Suppose 3*r + 1 = x, 4 = -3*x - 3*r + 7. What are the prime factors of (x - 7)/((-27)/90)?
2, 5
Suppose 4*l + 60 = 5*p, 3*p + 5*l - 4 = -5. Let f = p - 5. What are the prime factors of f?
3
Suppose 3*i + w = 24, 2 = -i + w + 2*w. What are the prime factors of i?
7
Suppose -5*u + 4*r + 6 = 0, 0*u + 3*u - 4*r = 2. Let l(h) = 4*h**2 - 2*h. List the prime factors of l(u).
2, 3
Let n = 17 - -22. List the prime factors of n.
3, 13
Let d(n) = n + 8. Let g be d(-4). Let x be (-20)/g*(-7)/5. Let w = x - 3. What are the prime factors of w?
2
Let d(p) = p - 12. Let k be d(7). Let w(q) = -q**2 - 8*q - 4. Let m be w(k). Suppose m = 5*v - 4. What are the prime factors of v?
3
Let c = 29 - 20. What are the prime factors of c?
3
Suppose -3*x + 12 = 3*b - 111, -2*b + 107 = -3*x. List the prime factors of b.
2, 23
Let m(p) = 1 + 1 + p + 12. List the prime factors of m(-7).
7
Let q be 2 - (-1 + (0 - 1)). Suppose 0 = 8*u - 9*u + 49. Suppose v - 2*g - 15 = 2*g, -q*v + 5*g = -u. What are the prime factors of v?
11
Suppose -8*k - 1200 = -13*k. List the prime factors of k.
2, 3, 5
Let b(u) = 2*u**2 + 3. Let g be b(3). Let p be (-1 + 6)*g/35. Suppose 0 = -2*m + p*m - w - 8, w = -m + 2. List the prime factors of m.
5
Suppose d = 8 + 2. Let z be (-14)/d - (-4)/10. List the prime factors of z*(0 - 0) - -2.
2
Suppose -2*k + 3*k = 24. What are the prime factors of k?
2, 3
List the prime factors of (-1)/(((-3)/(-46))/(-3)).
2, 23
Let i be (-2)/8 - 13/(-4). Let v(a) = -a**3 + 2*a**2 - 4*a + 3. Let b be v(1). Let o = b + i. What are the prime factors of o?
3
Let s = 11 + 2. What are the prime factors of s + (0 - (-1 + -2))?
2
Suppose 2*b - 4 = 58. List the prime factors of b.
31
Let t(f) = -9*f + 16. Let h(b) = -19*b + 33. Let a(q) = 4*h(q) - 9*t(q). What are the prime factors of a(8)?
2, 7
Suppose 5*o - 6*o - 1